emainder when 14538 is divided by 25?
13
Calculate the remainder when 1852 is divided by 15.
7
What is the remainder when 455 is divided by 92?
87
Calculate the remainder when 701 is divided by 19.
17
Calculate the remainder when 259 is divided by 14.
7
Calculate the remainder when 1600 is divided by 57.
4
What is the remainder when 482 is divided by 87?
47
Calculate the remainder when 160 is divided by 33.
28
Calculate the remainder when 195 is divided by 43.
23
Calculate the remainder when 606 is divided by 198.
12
Calculate the remainder when 384 is divided by 140.
104
Calculate the remainder when 20 is divided by 9.
2
What is the remainder when 389 is divided by 131?
127
Calculate the remainder when 76 is divided by 34.
8
What is the remainder when 17517 is divided by 20?
17
Calculate the remainder when 231 is divided by 124.
107
What is the remainder when 13 is divided by 5?
3
What is the remainder when 710 is divided by 51?
47
What is the remainder when 141 is divided by 44?
9
What is the remainder when 35 is divided by 18?
17
Calculate the remainder when 729 is divided by 17.
15
Calculate the remainder when 47 is divided by 26.
21
Calculate the remainder when 223 is divided by 25.
23
What is the remainder when 696 is divided by 243?
210
What is the remainder when 674 is divided by 214?
32
Calculate the remainder when 528 is divided by 52.
8
Calculate the remainder when 677 is divided by 326.
25
What is the remainder when 4329 is divided by 57?
54
Calculate the remainder when 225 is divided by 19.
16
What is the remainder when 2787 is divided by 11?
4
What is the remainder when 138 is divided by 47?
44
Calculate the remainder when 2472 is divided by 818.
18
What is the remainder when 1253 is divided by 434?
385
What is the remainder when 231 is divided by 74?
9
What is the remainder when 635 is divided by 210?
5
Calculate the remainder when 20413 is divided by 64.
61
Calculate the remainder when 149 is divided by 54.
41
What is the remainder when 427 is divided by 90?
67
What is the remainder when 1854 is divided by 40?
14
What is the remainder when 788 is divided by 145?
63
Calculate the remainder when 6304 is divided by 76.
72
Calculate the remainder when 79 is divided by 41.
38
Calculate the remainder when 1196 is divided by 293.
24
What is the remainder when 3119 is divided by 130?
129
Calculate the remainder when 131 is divided by 27.
23
Calculate the remainder when 4844 is divided by 48.
44
Calculate the remainder when 38 is divided by 7.
3
Calculate the remainder when 3555 is divided by 28.
27
What is the remainder when 105 is divided by 56?
49
What is the remainder when 21213 is divided by 17?
14
Calculate the remainder when 274 is divided by 92.
90
Calculate the remainder when 289 is divided by 47.
7
Calculate the remainder when 71 is divided by 39.
32
What is the remainder when 1673 is divided by 1673?
0
Calculate the remainder when 2699 is divided by 54.
53
What is the remainder when 672 is divided by 155?
52
Calculate the remainder when 386 is divided by 126.
8
Calculate the remainder when 9417 is divided by 2353.
5
Calculate the remainder when 118 is divided by 17.
16
Calculate the remainder when 212 is divided by 101.
10
What is the remainder when 265 is divided by 55?
45
Calculate the remainder when 509 is divided by 39.
2
What is the remainder when 530 is divided by 241?
48
Calculate the remainder when 158 is divided by 98.
60
Calculate the remainder when 207 is divided by 43.
35
What is the remainder when 56 is divided by 4?
0
What is the remainder when 4177 is divided by 29?
1
Calculate the remainder when 40 is divided by 38.
2
Calculate the remainder when 108 is divided by 32.
12
What is the remainder when 1037 is divided by 149?
143
What is the remainder when 1198 is divided by 60?
58
What is the remainder when 56 is divided by 12?
8
What is the remainder when 1076 is divided by 151?
19
Calculate the remainder when 96 is divided by 92.
4
What is the remainder when 1693 is divided by 15?
13
What is the remainder when 356 is divided by 152?
52
Calculate the remainder when 277 is divided by 31.
29
What is the remainder when 231 is divided by 62?
45
What is the remainder when 1933 is divided by 34?
29
Calculate the remainder when 381 is divided by 189.
3
What is the remainder when 402 is divided by 201?
0
Calculate the remainder when 284 is divided by 19.
18
Calculate the remainder when 1026 is divided by 103.
99
What is the remainder when 103 is divided by 15?
13
What is the remainder when 1558 is divided by 44?
18
Calculate the remainder when 560 is divided by 81.
74
What is the remainder when 53 is divided by 53?
0
Calculate the remainder when 26789 is divided by 282.
281
What is the remainder when 268 is divided by 99?
70
Calculate the remainder when 237 is divided by 40.
37
What is the remainder when 1725 is divided by 1707?
18
Calculate the remainder when 547 is divided by 61.
59
Calculate the remainder when 300 is divided by 61.
56
Calculate the remainder when 74 is divided by 19.
17
What is the remainder when 542 is divided by 13?
9
What is the remainder when 1467 is divided by 16?
11
Calculate the remainder when 109 is divided by 34.
7
Calculate the remainder when 37 is divided by 8.
5
What is the remainder when 531 is divided by 79?
57
Calculate the remainder when 240 is divided by 66.
42
Calculate the remainder when 3090 is divided by 19.
12
What is the remainder when 94 is divided by 21?
10
Calculate the remainder when 5195 is divided by 36.
11
Calculate the remainder when 69 is divided by 26.
17
Calculate the remainder when 923 is divided by 12.
11
Calculate the remainder when 872 is divided by 46.
44
Calculate the remainder when 806 is divided by 22.
14
What is the remainder when 238 is divided by 106?
26
What is the remainder when 168 is divided by 31?
13
Calculate the remainder when 1004 is divided by 224.
108
What is the remainder when 127 is divided by 26?
23
Calculate the remainder when 365 is divided by 90.
5
Calculate the remainder when 73 is divided by 41.
32
Calculate the remainder when 1250 is divided by 222.
140
What is the remainder when 714 is divided by 183?
165
Calculate the remainder when 3790 is divided by 31.
8
Calculate the remainder when 720 is divided by 50.
20
What is the remainder when 2090 is divided by 7?
4
Calculate the remainder when 48 is divided by 16.
0
What is the remainder when 126 is divided by 32?
30
Calculate the remainder when 326 is divided by 47.
44
What is the remainder when 32797 is divided by 80?
77
Calculate the remainder when 442 is divided by 75.
67
Calculate the remainder when 524 is divided by 134.
122
Calculate the remainder when 745 is divided by 192.
169
What is the remainder when 648 is divided by 65?
63
What is the remainder when 5150 is divided by 6?
2
What is the remainder when 134 is divided by 45?
44
Calculate the remainder when 2518 is divided by 835.
13
What is the remainder when 452 is divided by 21?
11
Calculate the remainder when 4293 is divided by 307.
302
What is the remainder when 454 is divided by 35?
34
Calculate the remainder when 228 is divided by 21.
18
What is the remainder when 4022 is divided by 804?
2
What is the remainder when 214 is divided by 74?
66
What is the remainder when 332 is divided by 48?
44
What is the remainder when 598 is divided by 190?
28
What is the remainder when 982 is divided by 50?
32
What is the remainder when 136 is divided by 53?
30
What is the remainder when 1218 is divided by 37?
34
Calculate the remainder when 136 is divided by 24.
16
What is the remainder when 3988 is divided by 44?
28
What is the remainder when 400 is divided by 45?
40
What is the remainder when 1885 is divided by 15?
10
What is the remainder when 3032 is divided by 999?
35
What is the remainder when 1037 is divided by 20?
17
Calculate the remainder when 81 is divided by 13.
3
Calculate the remainder when 62 is divided by 28.
6
Calculate the remainder when 708 is divided by 144.
132
Calculate the remainder when 58 is divided by 35.
23
Calculate the remainder when 103 is divided by 24.
7
Calculate the remainder when 75 is divided by 26.
23
What is the remainder when 722 is divided by 15?
2
What is the remainder when 630 is divided by 370